 0. Calculate the greatest common factor of 4 and p.
2
Let l = -1 + -9. Let p(a) = a**3 + 9*a**2 - 13*a - 6. Let n be p(l). Calculate the highest common divisor of n and 216.
24
Let g = -1 - 1. Let y(p) = -p**2 - 5*p - 1. Let s be y(g). Suppose -2*h = s*o - 5, h = -o - 2*o. What is the greatest common factor of h and 3?
3
Let y be (-16)/6*15/(-4). Let f(n) = n + 18. Let z be f(y). Let c(w) = 3*w**2 - w. Let t be c(-1). Calculate the greatest common factor of t and z.
4
Suppose -5*b = -25, 4*h + b - 12 = 61. Calculate the highest common factor of h and 51.
17
Let j = -32 - -60. Let r be ((12/3)/(1/2))/2. What is the greatest common factor of r and j?
4
Let k = 126 - 60. Suppose 3*d - 4*r = -2*r + 16, 5*d + 2*r = 32. Calculate the highest common factor of k and d.
6
Let n(f) = -f**2 - 14*f - 9. Let v be n(-5). What is the greatest common factor of v and 24?
12
Suppose 4*n = 8*n + 40. Let w = 0 - n. Suppose -3*u + 2*y + 1 + 21 = 0, -2*u + 5*y = 0. What is the highest common factor of w and u?
10
Let y = -2 - -4. Suppose -y*b - 3*b = -10. Suppose d = -b*d + 126. Calculate the highest common divisor of 7 and d.
7
Suppose -3*a = -4*b - 3, b - 3*b - 3*a = -3. Suppose -6 = -2*f - b. Calculate the greatest common divisor of f and 3.
3
Let a = 2 - 0. Let c = a + 0. Suppose -4*i + c*i + 2 = 0. Calculate the greatest common divisor of i and 11.
1
Let i(n) = -4*n + 76. Let p be i(-5). What is the highest common divisor of p and 8?
8
Let c be ((-60)/(-18))/(-3*(-4)/18). What is the highest common divisor of c and 40?
5
Let f = 73 - 52. Let a be (-4)/(-22) + (-794)/11. Let j be (-1 + f)*a/(-10). What is the greatest common divisor of 18 and j?
18
Suppose -5*j + 13 = 3. Suppose j*c = 4*h, 4*c + h = 2 + 7. Let w(f) = 24*f + 2. Let d be w(c). Calculate the highest common factor of 10 and d.
10
Let z be (-4)/(-2) + -3 + 42. Let q = z + 13. Calculate the highest common factor of q and 18.
18
Suppose 5*p + 2 = 22. Calculate the greatest common divisor of p and 4.
4
Let r be 267/21 - 8/(-28). Let j = 19 - r. What is the highest common factor of j and 30?
6
Let w = 48 + 73. What is the highest common divisor of 11 and w?
11
Let d(t) = 6*t**2 - 5*t + 3. Let v be d(5). Suppose 2*k - b + 5*b = v, 186 = 3*k + 3*b. Calculate the highest common factor of 12 and k.
12
Let z be 1 + 1 + -6 + 16. What is the highest common factor of z and 132?
12
Let p(a) = -a**2 - 12*a - 13. Let m be 1 + -1 + 27/(-3). Let o be p(m). Calculate the highest common factor of o and 35.
7
Let q = 79 + -24. What is the highest common factor of 5 and q?
5
Suppose 0 = 3*c - 183 + 15. Calculate the highest common divisor of 8 and c.
8
Suppose 2*o + 3*f = 3*o + 42, 178 = -4*o + 2*f. Let b = -23 - o. What is the highest common factor of b and 44?
22
Suppose 2*t = -0*u + 4*u - 14, u + 2*t = 6. Let w be 1 - (0/1)/2. What is the greatest common divisor of w and u?
1
Suppose -g + 7 = -8. Calculate the greatest common factor of 165 and g.
15
Let i be 32/(-12) + 4/6. Let l = i - -5. Calculate the greatest common factor of 3 and l.
3
Suppose -3*x = -x - 10. Let r(s) = s**3 - 4*s**2 - 2*s - 1. Let f be r(x). Let t = f - -8. What is the highest common factor of t and 44?
22
Let q = 15 + -13. Suppose -4*n + 9*n = -q*y + 27, -3*n - y = -16. What is the greatest common factor of 15 and n?
5
Let l = -19 - -39. Suppose h = l - 7. Calculate the greatest common factor of 130 and h.
13
Suppose -5*r = 4*y - 35 - 21, 0 = -4*r + 2*y + 50. What is the greatest common divisor of 24 and r?
12
Suppose -q + 6 = -13. Let i = 55 - -21. What is the highest common factor of i and q?
19
Suppose 0 = -k - 2*h + 16, 5*k - 19 = -5*h + 66. What is the highest common factor of k and 18?
18
Suppose 9*c - 4*c - 5 = 0. What is the greatest common divisor of 1 and c?
1
Let m = 108 + -106. Calculate the greatest common divisor of 2 and m.
2
Suppose -14 = -2*v + v. Let c be (24/21)/(8/28). Suppose -n + y + 5 - 7 = 0, 0 = -2*n - c*y + 20. What is the greatest common factor of v and n?
2
Let x = 175 + -90. Suppose 0 = -5*m, -5*m + m = h - x. What is the greatest common divisor of 17 and h?
17
Let i = 58 + -22. Suppose 158 = -0*k + 3*k + t, -2*t - 224 = -4*k. What is the greatest common factor of k and i?
18
Let h(o) be the first derivative of 2*o**3/3 - 3*o**2/2 + 4. Let a be h(-5). Suppose 5*i - a = -20. Calculate the highest common divisor of 1 and i.
1
Let y(b) = 2*b - 1. Let f be y(1). Let n = 3 - 1. Suppose -14 = -n*j + 3*a, 6 = -4*a + a. What is the highest common factor of f and j?
1
Let f(t) = t**3 - 11*t**2 + 9*t + 4. Let r be f(10). Let k(g) = g**3 + 7*g**2 - 6. Let y be k(r). What is the highest common factor of y and 12?
6
Let o(q) = 5*q**3 - 3*q**2 - 2*q + 6. Let r be o(4). Suppose -4*z + 126 = -r. Calculate the greatest common factor of z and 11.
11
Suppose -2*h = 2*o - 16, -19*h + 17*h + 12 = o. Calculate the greatest common divisor of o and 11.
1
Let z(s) = s - 7. Let v be z(13). Let b(q) = -q + 16. Let c be b(v). Calculate the greatest common divisor of c and 50.
10
Let c = -14 - -18. Calculate the greatest common divisor of 8 and c.
4
Let v = -114 - -132. What is the greatest common divisor of v and 72?
18
Let k be 2/3*-1*3. Let g be (-1 + 0)/(2/2). Let r be g/k + 358/4. What is the greatest common divisor of 15 and r?
15
Let l be 10/6 - (-2)/(-3). Let v(p) = l + p**2 - p + 5*p**2 + 0*p - 4. Let o be v(3). Calculate the greatest common factor of 8 and o.
8
Let s = -19 + 9. Let n = s - -18. Let t be (-495)/6*n/(-12). What is the greatest common factor of t and 5?
5
Suppose 5*d + 23 = -4*s + 143, 4*s - 120 = -4*d. What is the greatest common factor of s and 25?
5
Let y be (-130)/(-15) - (-12)/9. What is the greatest common divisor of 5 and y?
5
Let z be (13/26)/(0 + (-2)/(-8)). What is the greatest common factor of z and 6?
2
Suppose 0*b = -2*b - 36. Let u = 37 - b. What is the highest common divisor of u and 11?
11
Suppose 4*h = 0, 5*z = -0*h + 4*h + 650. Let q = z - 75. Calculate the greatest common divisor of q and 5.
5
Let l(d) be the third derivative of 0*d - 1/6*d**3 + d**2 + 1/2*d**4 + 0. Let j be l(3). Calculate the highest common divisor of 5 and j.
5
Let g = 68 + -12. Let k(b) = -b**2 - 8*b - 2. Let t(f) = -f**2 - 5*f + 2. Let z be t(-6). Let n be k(z). What is the greatest common factor of n and g?
14
Let z be (4/14)/(11/154). What is the greatest common divisor of 4 and z?
4
Let j(w) = 39*w**3 + 5*w - 4. Let h be j(1). Calculate the highest common divisor of 140 and h.
20
Let p be 83 + -2*(-3)/3. Suppose 0 = 3*t - 167 - p. Suppose -3*i - 12 = -t. Calculate the greatest common divisor of i and 36.
12
Suppose -151 - 49 = -4*q + 4*y, 3*y + 46 = q. Let z = q - 36. Suppose -7 = a + 2*s - 2, -4*s - z = 0. What is the greatest common factor of 9 and a?
3
Suppose 152 = 4*k + 8. Suppose -5*d + 13 = -32. What is the highest common factor of d and k?
9
Let v(q) = q**2 + 3*q - 3. Let i(p) = -p - 1. Let o(z) = i(z) + v(z). Let u be o(4). Suppose -4*k - 30 = -5*k. Calculate the greatest common divisor of u and k.
10
Let o = -27 - -167. Suppose -4*m = m - o. What is the highest common factor of m and 70?
14
Let s be 3 + (378/3 - 8/(-2)). Calculate the greatest common factor of 7 and s.
7
Suppose -2*x + 3 = -0*d + d, -5*d + 5*x + 45 = 0. Let l(s) = 3*s - 10. Let b be l(d). What is the greatest common divisor of b and 99?
11
Let a(h) be the second derivative of 0 - 3*h**2 - 5/6*h**3 - h + 1/6*h**4. Let d be a(6). What is the greatest common factor of 24 and d?
12
Suppose 4*o - 12 = 0, 0*f - f = -5*o + 32. Suppose -y + 2*p - 49 = 0, p - 7 = -3. Let b = f - y. What is the highest common factor of 60 and b?
12
Let s = 77 - 27. Let t = s + -32. Let x = -31 + 43. Calculate the greatest common divisor of t and x.
6
Let x = 73 - 9. Suppose -n = -3*n + x. Let m(p) = p. Let i be m(4). Calculate the highest common divisor of i and n.
4
Let k = 593 + -404. Calculate the highest common divisor of k and 21.
21
Suppose -3*r - 9 = -5*m, 5*r + m + m - 16 = 0. What is the highest common factor of r and 2?
2
Suppose -2*d = -7*d + 15. Suppose 5*g - 150 = d*j, g - 5*j = -j + 47. Suppose g = 4*q - 21. Calculate the greatest common divisor of q and 3.
3
Suppose -5*v - 10 = 0, 1 = -h - 2*h - 5*v. Suppose 2*q = 14 + 4. Calculate the highest common factor